{"id":44760,"date":"2020-12-05T08:59:19","date_gmt":"2020-12-05T08:59:19","guid":{"rendered":"https:\/\/smartyplantsnursery.com\/product\/aloe-aloe-vera\/"},"modified":"2026-03-04T17:58:13","modified_gmt":"2026-03-04T17:58:13","slug":"aloe-aloe-vera","status":"publish","type":"product","link":"https:\/\/smartyplantsnursery.com\/es\/product\/aloe-aloe-vera\/","title":{"rendered":"Aloe &#8211; aloe vera"},"content":{"rendered":"<p><b>Usos generales en el paisaje:<\/b> jardines de rocas, jardines de macetas, planta de acento, exhibici\u00f3n de flores<\/p>\n<p><b>Notas sobre la restauraci\u00f3n ecol\u00f3gica:<\/b> Beneficia m\u00e1s a las regiones \u00e1ridas y semi\u00e1ridas.<\/p>\n<p><b>Descripci\u00f3n:<\/b> El aloe es una planta suculenta que se usa a menudo con fines medicinales. Su hoja verde es buena para calmar y curar quemaduras en la piel. <\/p>\n<p><b>Dimensiones:<\/b> Altura: 2 pies<\/p>\n<p><b>Tasa de crecimiento:<\/b> De crecimiento moderado a lento.<\/p>\n<p><b>Distribuci\u00f3n nativa:<\/b> pen\u00ednsula ar\u00e1biga, norte de \u00c1frica e islas Canarias<\/p>\n<p><b>H\u00e1bitats nativos:<\/b> tropical, subtropical y \u00e1rido<\/p>\n<p><b>Suelos:<\/b> Arenoso, bien drenado<\/p>\n<p><b>Requisitos nutricionales:<\/b> prospera en suelos pobres en nutrientes<\/p>\n<p><b>Tolerancia al agua salada:<\/b> moderada<\/p>\n<p><b>Tolerancia al viento salado:<\/b> moderada<\/p>\n<p><b>Tolerancia a la sequ\u00eda:<\/b> seco<\/p>\n<p><b>Requisitos de luz:<\/b> Pleno sol a sombra<\/p>\n<p><b>Color de la flor:<\/b> Amarillo a naranja<\/p>\n<p><b>Caracter\u00edsticas de la flor:<\/b> tubular y borne en espigas altas<\/p>\n<p><b>Temporada de floraci\u00f3n:<\/b> Climas c\u00e1lidos (finales de invierno a principios de primavera) y climas templados (primavera a verano)<\/p>\n<p><b>Fruto:<\/b> con forma de c\u00e1psula, de verde a marr\u00f3n, duro<\/p>\n<p><b>Vida silvestre y ecolog\u00eda:<\/b> Ideal para xerojardiner\u00eda, estabilizaci\u00f3n del suelo y atracci\u00f3n de polinizadores<\/p>\n<p><b>Notas de horticultura:<\/b> Propagaci\u00f3n por hijuelos (cachorros) y semillas.<\/p>\n<p><b>Comentarios:<\/b> El gel contiene vitaminas (A, C, E, B12), enzimas, amino\u00e1cidos y minerales.<\/p>\n<p>&nbsp;<\/p>\n<p>&nbsp;<\/p>\n","protected":false},"excerpt":{"rendered":"<p><img fetchpriority=\"high\" decoding=\"async\" class=\"alignnone size-medium wp-image-54744\" src=\"https:\/\/smartyplantsnursery.com\/wp-content\/uploads\/2023\/04\/Screenshot-2026-03-03-at-2.22.47-PM-300x185.png\" alt=\"\" width=\"300\" height=\"185\"><\/p>\n<div class=\"container\">\n<div class=\"table-container\">\n<table>\n<thead>\n<tr>\n<th>Tama\u00f1o de la maceta<\/th>\n<th>Altura media plantada (desde la tierra hasta la parte superior de la planta)<\/th>\n<\/tr>\n<\/thead>\n<tbody>\n<tr>\n<td>1 gal\u00f3n\/6&#8243;<\/td>\n<td>15 cm &#8211; 30 cm<\/td>\n<\/tr>\n<tr>\n<td>3 galones\/10&#8243;<\/td>\n<td>1 &#8211; 2 pies<\/td>\n<\/tr>\n<tr>\n<td>7 galones\/14&#8243;<\/td>\n<td>2 &#8211; 4 pies<\/td>\n<\/tr>\n<\/tbody>\n<\/table>\n<\/div>\n<\/div>\n","protected":false},"featured_media":41861,"comment_status":"open","ping_status":"closed","template":"","meta":[],"product_brand":[],"product_cat":[340,359,357,310,353,317,363,302,305,355,306,326,361,360,334,335,323,330,349,339,333,347,307],"product_tag":[319,351],"class_list":{"0":"post-44760","1":"product","2":"type-product","3":"status-publish","4":"has-post-thumbnail","6":"product_cat-alta","7":"product_cat-arena","8":"product_cat-baja-es-3","9":"product_cat-bien-drenado","10":"product_cat-comestible","11":"product_cat-contenedor","12":"product_cat-espiga","13":"product_cat-exotica","14":"product_cat-interior","15":"product_cat-invierno","16":"product_cat-lenta","17":"product_cat-moderada-es-2","18":"product_cat-moderada-es-4","19":"product_cat-moderada-es-3","20":"product_cat-planta-de-acento","21":"product_cat-pleno-sol","22":"product_cat-primavera","23":"product_cat-semilla","24":"product_cat-sombra","25":"product_cat-suculenta","26":"product_cat-tubular-es","27":"product_cat-vastago","28":"product_cat-verano","29":"product_tag-amarillo","30":"product_tag-naranja","31":"pa_pot-size-1-galon-6","32":"pa_pot-size-3-galones-10","33":"pa_pot-size-7-galones-14","36":"first","37":"instock","38":"taxable","39":"shipping-taxable","40":"purchasable","41":"product-type-variable"},"aioseo_notices":[],"_links":{"self":[{"href":"https:\/\/smartyplantsnursery.com\/es\/wp-json\/wp\/v2\/product\/44760","targetHints":{"allow":["GET"]}}],"collection":[{"href":"https:\/\/smartyplantsnursery.com\/es\/wp-json\/wp\/v2\/product"}],"about":[{"href":"https:\/\/smartyplantsnursery.com\/es\/wp-json\/wp\/v2\/types\/product"}],"replies":[{"embeddable":true,"href":"https:\/\/smartyplantsnursery.com\/es\/wp-json\/wp\/v2\/comments?post=44760"}],"wp:featuredmedia":[{"embeddable":true,"href":"https:\/\/smartyplantsnursery.com\/es\/wp-json\/wp\/v2\/media\/41861"}],"wp:attachment":[{"href":"https:\/\/smartyplantsnursery.com\/es\/wp-json\/wp\/v2\/media?parent=44760"}],"wp:term":[{"taxonomy":"product_brand","embeddable":true,"href":"https:\/\/smartyplantsnursery.com\/es\/wp-json\/wp\/v2\/product_brand?post=44760"},{"taxonomy":"product_cat","embeddable":true,"href":"https:\/\/smartyplantsnursery.com\/es\/wp-json\/wp\/v2\/product_cat?post=44760"},{"taxonomy":"product_tag","embeddable":true,"href":"https:\/\/smartyplantsnursery.com\/es\/wp-json\/wp\/v2\/product_tag?post=44760"}],"curies":[{"name":"wp","href":"https:\/\/api.w.org\/{rel}","templated":true}]}}

<p><b>Usos generales en el paisaje:</b> jardines de rocas, jardines de macetas, planta de acento, exhibición de flores</p>
<p><b>Notas sobre la restauración ecológica:</b> Beneficia más a las regiones áridas y semiáridas.</p>
<p><b>Descripción:</b> El aloe es una planta suculenta que se usa a menudo con fines medicinales. Su hoja verde es buena para calmar y curar quemaduras en la piel. </p>
<p><b>Dimensiones:</b> Altura: 2 pies</p>
<p><b>Tasa de crecimiento:</b> De crecimiento moderado a lento.</p>
<p><b>Distribución nativa:</b> península arábiga, norte de África e islas Canarias</p>
<p><b>Hábitats nativos:</b> tropical, subtropical y árido</p>
<p><b>Suelos:</b> Arenoso, bien drenado</p>
<p><b>Requisitos nutricionales:</b> prospera en suelos pobres en nutrientes</p>
<p><b>Tolerancia al agua salada:</b> moderada</p>
<p><b>Tolerancia al viento salado:</b> moderada</p>
<p><b>Tolerancia a la sequía:</b> seco</p>
<p><b>Requisitos de luz:</b> Pleno sol a sombra</p>
<p><b>Color de la flor:</b> Amarillo a naranja</p>
<p><b>Características de la flor:</b> tubular y borne en espigas altas</p>
<p><b>Temporada de floración:</b> Climas cálidos (finales de invierno a principios de primavera) y climas templados (primavera a verano)</p>
<p><b>Fruto:</b> con forma de cápsula, de verde a marrón, duro</p>
<p><b>Vida silvestre y ecología:</b> Ideal para xerojardinería, estabilización del suelo y atracción de polinizadores</p>
<p><b>Notas de horticultura:</b> Propagación por hijuelos (cachorros) y semillas.</p>
<p><b>Comentarios:</b> El gel contiene vitaminas (A, C, E, B12), enzimas, aminoácidos y minerales.</p>
<p>&nbsp;</p>
<p>&nbsp;</p>

<p><img fetchpriority="high" decoding="async" class="alignnone size-medium wp-image-54744" src="https://smartyplantsnursery.com/wp-content/uploads/2023/04/Screenshot-2026-03-03-at-2.22.47-PM-300x185.png" alt="" width="300" height="185"></p>
<div class="container">
<div class="table-container">
<table>
<thead>
<tr>
<th>Tamaño de la maceta</th>
<th>Altura media plantada (desde la tierra hasta la parte superior de la planta)</th>
</tr>
</thead>
<tbody>
<tr>
<td>1 galón/6&#8243;</td>
<td>15 cm &#8211; 30 cm</td>
</tr>
<tr>
<td>3 galones/10&#8243;</td>
<td>1 &#8211; 2 pies</td>
</tr>
<tr>
<td>7 galones/14&#8243;</td>
<td>2 &#8211; 4 pies</td>
</tr>
</tbody>
</table>
</div>
</div>
