{"id":44833,"date":"2023-08-09T19:56:33","date_gmt":"2023-08-09T19:56:33","guid":{"rendered":"https:\/\/smartyplantsnursery.com\/product\/jazmin-arabe-jazmin-sambac-jasminum-sambac-belle-of-india\/"},"modified":"2026-03-05T15:41:43","modified_gmt":"2026-03-05T15:41:43","slug":"jazmin-arabe-jazmin-sambac-jasminum-sambac-belle-of-india","status":"publish","type":"product","link":"https:\/\/smartyplantsnursery.com\/es\/product\/jazmin-arabe-jazmin-sambac-jasminum-sambac-belle-of-india\/","title":{"rendered":"Jazm\u00edn \u00e1rabe, jazm\u00edn sambac &#8211; jasminum sambac \u201cBelle of India\u201d"},"content":{"rendered":"<p><b>Usos generales en el paisaje:<\/b> seto o borde, enredadera, plantaci\u00f3n en contenedor, cobertura del suelo, jard\u00edn de fragancias, parterres mixtos, espacios sagrados, planta de acento<\/p>\n<p><b>Notas sobre la restauraci\u00f3n ecol\u00f3gica:<\/b> apoyo al h\u00e1bitat nativo, estabilizaci\u00f3n del suelo, apoyo a los polinizadores<\/p>\n<p><b>Descripci\u00f3n:<\/b> Una variedad de jazm\u00edn \u00e1rabe que tiene una apariencia encantadora y una fragancia fuerte y dulce.<\/p>\n<p><b>Dimensiones:<\/b> Altura: 1 &#8211; 2 pies.<\/p>\n<p><b>Tasa de crecimiento:<\/b> de moderada a r\u00e1pida<\/p>\n<p><b>Distribuci\u00f3n nativa:<\/b> Sudeste de Asia<\/p>\n<p><b>H\u00e1bitats nativos:<\/b> \u00c1reas abiertas y bordes de bosques<\/p>\n<p><b>Suelos:<\/b> Suelo franco bien drenado con un pH ligeramente \u00e1cido a neutro<\/p>\n<p><b>Requisitos nutricionales:<\/b> suelo con materia org\u00e1nica<\/p>\n<p><b>Tolerancia al agua salada:<\/b> baja a moderada<\/p>\n<p><b>Tolerancia al viento salado:<\/b> moderada<\/p>\n<p><b>Tolerancia a la sequ\u00eda:<\/b> moderada<\/p>\n<p><b>Requisitos de luz:<\/b> Pleno sol<\/p>\n<p><b>Color de la flor:<\/b> Blanco<\/p>\n<p><b>Caracter\u00edsticas de la flor:<\/b> fragante<\/p>\n<p><b>Temporada de floraci\u00f3n:<\/b> Todo el a\u00f1o<\/p>\n<p><b>Fruto:<\/b> Baya carnosa peque\u00f1a de color verde a negro o viol\u00e1ceo<\/p>\n<p><b>Vida silvestre y ecolog\u00eda:<\/b> Apoyo a los polinizadores, atracci\u00f3n de vida silvestre (aves e insectos), conservaci\u00f3n del suelo y el agua<\/p>\n<p><b>Notas de horticultura:<\/b> Se cultiva a partir de esquejes, acodos o por semilla.<\/p>\n<p><b>Comentarios:<\/b><\/p>\n<p>&nbsp;<\/p>\n","protected":false},"excerpt":{"rendered":"<p><img fetchpriority=\"high\" decoding=\"async\" class=\"alignnone size-medium wp-image-54744\" src=\"https:\/\/smartyplantsnursery.com\/wp-content\/uploads\/2023\/04\/Screenshot-2026-03-03-at-2.22.47-PM-300x185.png\" alt=\"\" width=\"300\" height=\"185\"><\/p>\n<div class=\"container\">\n<div class=\"table-container\">\n<table>\n<thead>\n<tr>\n<th>Tama\u00f1o de la maceta<\/th>\n<th>Altura media plantada (desde la tierra hasta la parte superior de la planta)<\/th>\n<\/tr>\n<\/thead>\n<tbody>\n<tr>\n<td>3 galones\/10&#8243;<\/td>\n<td>1 &#8211; 2 pies<\/td>\n<\/tr>\n<\/tbody>\n<\/table>\n<\/div>\n<\/div>\n","protected":false},"featured_media":48512,"comment_status":"open","ping_status":"closed","template":"","meta":[],"product_brand":[],"product_cat":[343,336,304,311,310,375,321,317,320,315,302,374,369,355,313,326,361,360,345,308,334,335,323,322,330,332,307],"product_tag":[318],"class_list":{"0":"post-44833","1":"product","2":"type-product","3":"status-publish","4":"has-post-thumbnail","6":"product_cat-acido","7":"product_cat-acodo-aereo","8":"product_cat-arbusto","9":"product_cat-baja","10":"product_cat-bien-drenado","11":"product_cat-borde","12":"product_cat-cobertura-del-suelo","13":"product_cat-contenedor","14":"product_cat-enredadera","15":"product_cat-esquejes","16":"product_cat-exotica","17":"product_cat-fragante-2","18":"product_cat-franco","19":"product_cat-invierno","20":"product_cat-moderada-es","21":"product_cat-moderada-es-2","22":"product_cat-moderada-es-4","23":"product_cat-moderada-es-3","24":"product_cat-neutro","25":"product_cat-otono","26":"product_cat-planta-de-acento","27":"product_cat-pleno-sol","28":"product_cat-primavera","29":"product_cat-rapido","30":"product_cat-semilla","31":"product_cat-seto","32":"product_cat-verano","33":"product_tag-blanco","34":"pa_pot-size-3-galones-10","37":"first","38":"instock","39":"taxable","40":"shipping-taxable","41":"purchasable","42":"product-type-variable"},"aioseo_notices":[],"_links":{"self":[{"href":"https:\/\/smartyplantsnursery.com\/es\/wp-json\/wp\/v2\/product\/44833","targetHints":{"allow":["GET"]}}],"collection":[{"href":"https:\/\/smartyplantsnursery.com\/es\/wp-json\/wp\/v2\/product"}],"about":[{"href":"https:\/\/smartyplantsnursery.com\/es\/wp-json\/wp\/v2\/types\/product"}],"replies":[{"embeddable":true,"href":"https:\/\/smartyplantsnursery.com\/es\/wp-json\/wp\/v2\/comments?post=44833"}],"wp:featuredmedia":[{"embeddable":true,"href":"https:\/\/smartyplantsnursery.com\/es\/wp-json\/wp\/v2\/media\/48512"}],"wp:attachment":[{"href":"https:\/\/smartyplantsnursery.com\/es\/wp-json\/wp\/v2\/media?parent=44833"}],"wp:term":[{"taxonomy":"product_brand","embeddable":true,"href":"https:\/\/smartyplantsnursery.com\/es\/wp-json\/wp\/v2\/product_brand?post=44833"},{"taxonomy":"product_cat","embeddable":true,"href":"https:\/\/smartyplantsnursery.com\/es\/wp-json\/wp\/v2\/product_cat?post=44833"},{"taxonomy":"product_tag","embeddable":true,"href":"https:\/\/smartyplantsnursery.com\/es\/wp-json\/wp\/v2\/product_tag?post=44833"}],"curies":[{"name":"wp","href":"https:\/\/api.w.org\/{rel}","templated":true}]}}

Jazmín árabe, jazmín sambac &#8211; jasminum sambac “Belle of India”

<p><b>Usos generales en el paisaje:</b> seto o borde, enredadera, plantación en contenedor, cobertura del suelo, jardín de fragancias, parterres mixtos, espacios sagrados, planta de acento</p>
<p><b>Notas sobre la restauración ecológica:</b> apoyo al hábitat nativo, estabilización del suelo, apoyo a los polinizadores</p>
<p><b>Descripción:</b> Una variedad de jazmín árabe que tiene una apariencia encantadora y una fragancia fuerte y dulce.</p>
<p><b>Dimensiones:</b> Altura: 1 &#8211; 2 pies.</p>
<p><b>Tasa de crecimiento:</b> de moderada a rápida</p>
<p><b>Distribución nativa:</b> Sudeste de Asia</p>
<p><b>Hábitats nativos:</b> Áreas abiertas y bordes de bosques</p>
<p><b>Suelos:</b> Suelo franco bien drenado con un pH ligeramente ácido a neutro</p>
<p><b>Requisitos nutricionales:</b> suelo con materia orgánica</p>
<p><b>Tolerancia al agua salada:</b> baja a moderada</p>
<p><b>Tolerancia al viento salado:</b> moderada</p>
<p><b>Tolerancia a la sequía:</b> moderada</p>
<p><b>Requisitos de luz:</b> Pleno sol</p>
<p><b>Color de la flor:</b> Blanco</p>
<p><b>Características de la flor:</b> fragante</p>
<p><b>Temporada de floración:</b> Todo el año</p>
<p><b>Fruto:</b> Baya carnosa pequeña de color verde a negro o violáceo</p>
<p><b>Vida silvestre y ecología:</b> Apoyo a los polinizadores, atracción de vida silvestre (aves e insectos), conservación del suelo y el agua</p>
<p><b>Notas de horticultura:</b> Se cultiva a partir de esquejes, acodos o por semilla.</p>
<p><b>Comentarios:</b></p>
<p>&nbsp;</p>

<p><img fetchpriority="high" decoding="async" class="alignnone size-medium wp-image-54744" src="https://smartyplantsnursery.com/wp-content/uploads/2023/04/Screenshot-2026-03-03-at-2.22.47-PM-300x185.png" alt="" width="300" height="185"></p>
<div class="container">
<div class="table-container">
<table>
<thead>
<tr>
<th>Tamaño de la maceta</th>
<th>Altura media plantada (desde la tierra hasta la parte superior de la planta)</th>
</tr>
</thead>
<tbody>
<tr>
<td>3 galones/10&#8243;</td>
<td>1 &#8211; 2 pies</td>
</tr>
</tbody>
</table>
</div>
</div>
