{"id":45066,"date":"2023-04-30T23:44:32","date_gmt":"2023-04-30T23:44:32","guid":{"rendered":"https:\/\/smartyplantsnursery.com\/product\/philodendron-selloum-philodendron-selloum-selloum\/"},"modified":"2026-01-29T17:09:51","modified_gmt":"2026-01-29T17:09:51","slug":"philodendron-selloum-philodendron-selloum-selloum","status":"publish","type":"product","link":"https:\/\/smartyplantsnursery.com\/es\/product\/philodendron-selloum-philodendron-selloum-selloum\/","title":{"rendered":"Philodendron selloum &#8211; philodendron selloum \u201cselloum\u201d"},"content":{"rendered":"<p class=\"\"><b class=\"\">Usos generales en el paisajismo:<\/b> Planta llamativa, planta tropical para cimientos o pantalla de privacidad, paisajismo tropical<\/p>\n<p class=\"\"><b class=\"\">Notas sobre la restauraci\u00f3n ecol\u00f3gica:<\/b> Plantaci\u00f3n de sotobosque, control de la erosi\u00f3n, enriquecimiento del suelo, creaci\u00f3n de microh\u00e1bitats<\/p>\n<p class=\"\"><b class=\"\">Descripci\u00f3n:<\/b> Se trata de un filodendro grande de hoja dividida que llenar\u00eda cualquier hueco en su paisaje con su follaje tropical.<\/p>\n<p class=\"\"><b class=\"\">Dimensiones:<\/b> Altura 6 &#8211; 8 pies.<\/p>\n<p class=\"\"><b class=\"\">Tasa de crecimiento:<\/b> moderada<\/p>\n<p class=\"\"><b class=\"\">Distribuci\u00f3n nativa:<\/b> Sudam\u00e9rica<\/p>\n<p class=\"\"><b class=\"\">H\u00e1bitats nativos:<\/b> Selvas tropicales y subtropicales<\/p>\n<p class=\"\"><b class=\"\">Suelos:<\/b> Suelo rico y con buen drenaje con materia org\u00e1nica<\/p>\n<p class=\"\"><b class=\"\">Requisitos nutricionales:<\/b> moderados<\/p>\n<p class=\"\"><b class=\"\">Tolerancia al agua salada:<\/b> baja<\/p>\n<p class=\"\"><b class=\"\">Tolerancia al viento salado:<\/b> baja<\/p>\n<p class=\"\"><b class=\"\">Tolerancia a la sequ\u00eda:<\/b> de alta a moderada<\/p>\n<p class=\"\"><b class=\"\">Requisitos de luz:<\/b> pleno sol a sol parcial<\/p>\n<p class=\"\"><b class=\"\">Color de la flor:<\/b> Blanco cremoso a verde p\u00e1lido<\/p>\n<p class=\"\"><b class=\"\">Caracter\u00edsticas de la flor:<\/b> Un esp\u00e1dice (estructura con forma de dedo con flores diminutas) envuelto en una espata (una vaina con forma de hoja).<\/p>\n<p class=\"\"><b class=\"\">Temporada de floraci\u00f3n:<\/b> Desde finales de primavera hasta verano<\/p>\n<p class=\"\"><b class=\"\">Fruto:<\/b> Similar a una baya, de color verde que madura a amarillento o naranja<\/p>\n<p class=\"\"><b class=\"\">Vida silvestre y ecolog\u00eda:<\/b> Refugio y h\u00e1bitat, atracci\u00f3n de polinizadores<\/p>\n<p class=\"\"><b class=\"\">Notas de horticultura:<\/b> Cultivado a partir de esquejes, acodo a\u00e9reo, semillas<\/p>\n<p class=\"\"><b class=\"\">Comentarios:<\/b><\/p>\n<p>&nbsp;<\/p>\n<p>&nbsp;<\/p>\n","protected":false},"excerpt":{"rendered":"<p><img decoding=\"async\" class=\"alignnone size-medium wp-image-31863\" src=\"https:\/\/smartyplantsnursery.com\/wp-content\/uploads\/2023\/04\/Screen-Shot-2023-04-22-at-11.28.02-PM-300x134.png\" alt=\"\" width=\"300\" height=\"134\"><\/p>\n<div class=\"container\">\n<div class=\"table-container\">\n<table>\n<thead>\n<tr>\n<th>Tama\u00f1o de la maceta<\/th>\n<th>Altura media plantada (desde la tierra hasta la parte superior de la planta)<\/th>\n<\/tr>\n<\/thead>\n<tbody>\n<tr>\n<td>3 galones\/10&#8243;<\/td>\n<td>1 &#8211; 2 pies<\/td>\n<\/tr>\n<tr>\n<td>7 galones\/14&#8243;<\/td>\n<td>0,6 &#8211; 0,9 m<\/td>\n<\/tr>\n<tr>\n<td>15 galones\/17&#8243;<\/td>\n<td>0,9 &#8211; 1,2 m<\/td>\n<\/tr>\n<\/tbody>\n<\/table>\n<\/div>\n<\/div>\n","protected":false},"featured_media":44594,"comment_status":"open","ping_status":"closed","template":"","meta":[],"product_brand":[],"product_cat":[336,340,304,312,311,310,325,315,302,313,309,326,378,314,335,323,330,303,307],"product_tag":[318,327],"class_list":{"0":"post-45066","1":"product","2":"type-product","3":"status-publish","4":"has-post-thumbnail","6":"product_cat-acodo-aereo","7":"product_cat-alta","8":"product_cat-arbusto","9":"product_cat-baja-es","10":"product_cat-baja","11":"product_cat-bien-drenado","12":"product_cat-espata-y-espadice","13":"product_cat-esquejes","14":"product_cat-exotica","15":"product_cat-moderada-es","16":"product_cat-moderada","17":"product_cat-moderada-es-2","18":"product_cat-pantalla","19":"product_cat-planta-de-especimen","20":"product_cat-pleno-sol","21":"product_cat-primavera","22":"product_cat-semilla","23":"product_cat-sol-parcial","24":"product_cat-verano","25":"product_tag-blanco","26":"product_tag-verde","27":"pa_pot-size-1-galon-6","28":"pa_pot-size-15-galones-17","29":"pa_pot-size-3-galones-10","30":"pa_pot-size-7-galones-14","33":"first","34":"instock","35":"taxable","36":"shipping-taxable","37":"purchasable","38":"product-type-variable"},"aioseo_notices":[],"_links":{"self":[{"href":"https:\/\/smartyplantsnursery.com\/es\/wp-json\/wp\/v2\/product\/45066","targetHints":{"allow":["GET"]}}],"collection":[{"href":"https:\/\/smartyplantsnursery.com\/es\/wp-json\/wp\/v2\/product"}],"about":[{"href":"https:\/\/smartyplantsnursery.com\/es\/wp-json\/wp\/v2\/types\/product"}],"replies":[{"embeddable":true,"href":"https:\/\/smartyplantsnursery.com\/es\/wp-json\/wp\/v2\/comments?post=45066"}],"wp:featuredmedia":[{"embeddable":true,"href":"https:\/\/smartyplantsnursery.com\/es\/wp-json\/wp\/v2\/media\/44594"}],"wp:attachment":[{"href":"https:\/\/smartyplantsnursery.com\/es\/wp-json\/wp\/v2\/media?parent=45066"}],"wp:term":[{"taxonomy":"product_brand","embeddable":true,"href":"https:\/\/smartyplantsnursery.com\/es\/wp-json\/wp\/v2\/product_brand?post=45066"},{"taxonomy":"product_cat","embeddable":true,"href":"https:\/\/smartyplantsnursery.com\/es\/wp-json\/wp\/v2\/product_cat?post=45066"},{"taxonomy":"product_tag","embeddable":true,"href":"https:\/\/smartyplantsnursery.com\/es\/wp-json\/wp\/v2\/product_tag?post=45066"}],"curies":[{"name":"wp","href":"https:\/\/api.w.org\/{rel}","templated":true}]}}

<p class=""><b class="">Usos generales en el paisajismo:</b> Planta llamativa, planta tropical para cimientos o pantalla de privacidad, paisajismo tropical</p>
<p class=""><b class="">Notas sobre la restauración ecológica:</b> Plantación de sotobosque, control de la erosión, enriquecimiento del suelo, creación de microhábitats</p>
<p class=""><b class="">Descripción:</b> Se trata de un filodendro grande de hoja dividida que llenaría cualquier hueco en su paisaje con su follaje tropical.</p>
<p class=""><b class="">Dimensiones:</b> Altura 6 &#8211; 8 pies.</p>
<p class=""><b class="">Tasa de crecimiento:</b> moderada</p>
<p class=""><b class="">Distribución nativa:</b> Sudamérica</p>
<p class=""><b class="">Hábitats nativos:</b> Selvas tropicales y subtropicales</p>
<p class=""><b class="">Suelos:</b> Suelo rico y con buen drenaje con materia orgánica</p>
<p class=""><b class="">Requisitos nutricionales:</b> moderados</p>
<p class=""><b class="">Tolerancia al agua salada:</b> baja</p>
<p class=""><b class="">Tolerancia al viento salado:</b> baja</p>
<p class=""><b class="">Tolerancia a la sequía:</b> de alta a moderada</p>
<p class=""><b class="">Requisitos de luz:</b> pleno sol a sol parcial</p>
<p class=""><b class="">Color de la flor:</b> Blanco cremoso a verde pálido</p>
<p class=""><b class="">Características de la flor:</b> Un espádice (estructura con forma de dedo con flores diminutas) envuelto en una espata (una vaina con forma de hoja).</p>
<p class=""><b class="">Temporada de floración:</b> Desde finales de primavera hasta verano</p>
<p class=""><b class="">Fruto:</b> Similar a una baya, de color verde que madura a amarillento o naranja</p>
<p class=""><b class="">Vida silvestre y ecología:</b> Refugio y hábitat, atracción de polinizadores</p>
<p class=""><b class="">Notas de horticultura:</b> Cultivado a partir de esquejes, acodo aéreo, semillas</p>
<p class=""><b class="">Comentarios:</b></p>
<p>&nbsp;</p>
<p>&nbsp;</p>

<p><img decoding="async" class="alignnone size-medium wp-image-31863" src="https://smartyplantsnursery.com/wp-content/uploads/2023/04/Screen-Shot-2023-04-22-at-11.28.02-PM-300x134.png" alt="" width="300" height="134"></p>
<div class="container">
<div class="table-container">
<table>
<thead>
<tr>
<th>Tamaño de la maceta</th>
<th>Altura media plantada (desde la tierra hasta la parte superior de la planta)</th>
</tr>
</thead>
<tbody>
<tr>
<td>3 galones/10&#8243;</td>
<td>1 &#8211; 2 pies</td>
</tr>
<tr>
<td>7 galones/14&#8243;</td>
<td>0,6 &#8211; 0,9 m</td>
</tr>
<tr>
<td>15 galones/17&#8243;</td>
<td>0,9 &#8211; 1,2 m</td>
</tr>
</tbody>
</table>
</div>
</div>
