{"id":45381,"date":"2023-04-21T20:38:56","date_gmt":"2023-04-21T20:38:56","guid":{"rendered":"https:\/\/smartyplantsnursery.com\/product\/croton-codiaeum-variegatum-gold-dust\/"},"modified":"2026-04-06T13:32:57","modified_gmt":"2026-04-06T13:32:57","slug":"croton-codiaeum-variegatum-gold-dust","status":"publish","type":"product","link":"https:\/\/smartyplantsnursery.com\/es\/product\/croton-codiaeum-variegatum-gold-dust\/","title":{"rendered":"Croton &#8211; codiaeum variegatum \u201cGold dust\u201d"},"content":{"rendered":"<p class=\"\"><b class=\"\">Usos generales en el paisaje:<\/b> seto y borde, plantaci\u00f3n en contenedores, jardines tropicales<\/p>\n<p class=\"\"><b class=\"\">Ecological Restoration Notes: <\/b>Estabilizaci\u00f3n del suelo y control de la erosi\u00f3n, regulaci\u00f3n del microclima, purificaci\u00f3n del aire<\/p>\n<p class=\"\"><b class=\"\">Description: <\/b>El crot\u00f3n Gold Dust a\u00f1ade un toque de color agradable con sus hojas moteadas de dorado. Es una planta de crecimiento bastante lento, por lo que no invadir\u00e1 un jard\u00edn y requiere muy poco mantenimiento. Es agradable de plantar y dejar que siga su curso.  <\/p>\n<p class=\"\"><b class=\"\">Dimensiones:<\/b> altura de 3 a 6 pies.<\/p>\n<p class=\"\"><b class=\"\">Tasa de crecimiento:<\/b> lenta<\/p>\n<p class=\"\"><b class=\"\">Native range: <\/b>Sudeste asi\u00e1tico, islas del Pac\u00edfico, norte de Australia<\/p>\n<p class=\"\"><b class=\"\">Native Habitats: <\/b>Bosques tropicales, zonas costeras y paisajes alterados<\/p>\n<p class=\"\"><b class=\"\">Soils: <\/b>Con buen drenaje, ricos<\/p>\n<p class=\"\"><b class=\"\">Requisitos nutricionales:<\/b> moderados<\/p>\n<p class=\"\"><b class=\"\">Tolerancia al agua salada:<\/b> De baja a moderada<\/p>\n<p class=\"\"><b class=\"\">Tolerancia al viento salado:<\/b> moderada<\/p>\n<p class=\"\"><b class=\"\">Tolerancia a la sequ\u00eda:<\/b> moderada<\/p>\n<p class=\"\"><b class=\"\">Requisitos de luz:<\/b> pleno sol a sombra<\/p>\n<p class=\"\"><b class=\"\">Color de la flor:<\/b> Amarillo p\u00e1lido a blanco<\/p>\n<p class=\"\"><b class=\"\">Caracter\u00edsticas de la flor:<\/b> peque\u00f1a, discreta<\/p>\n<p class=\"\"><b class=\"\">Temporada de floraci\u00f3n:<\/b> Primavera y verano<\/p>\n<p class=\"\"><b class=\"\">Fruit: <\/b>C\u00e1psulas peque\u00f1as de tres l\u00f3bulos que son inicialmente verdes y maduran a marr\u00f3n a medida que se secan<\/p>\n<p class=\"\"><b class=\"\">Wildlife and Ecology: <\/b>Las flores peque\u00f1as e discretas atraen a algunas abejas e insectos<\/p>\n<p class=\"\"><b class=\"\">Notas de horticultura:<\/b> Se cultiva a partir de esquejes<\/p>\n<p class=\"\"><b class=\"\">Comentarios:<\/b><\/p>\n<p>&nbsp;<\/p>\n<p>&nbsp;<\/p>\n","protected":false},"excerpt":{"rendered":"<p><img fetchpriority=\"high\" decoding=\"async\" class=\"alignnone size-medium wp-image-54744\" src=\"https:\/\/smartyplantsnursery.com\/wp-content\/uploads\/2023\/04\/Screenshot-2026-03-03-at-2.22.47-PM-300x185.webp\" alt=\"\" width=\"300\" height=\"185\"><\/p>\n<div class=\"container\">\n<div class=\"table-container\">\n<table>\n<thead>\n<tr>\n<th>Tama\u00f1o de la maceta<\/th>\n<th>Altura media plantada (desde la tierra hasta la parte superior de la planta)<\/th>\n<\/tr>\n<\/thead>\n<tbody>\n<tr>\n<td>1 gal\u00f3n\/6&#8243;<\/td>\n<td>0 &#8211; 1 ft.<\/td>\n<\/tr>\n<tr>\n<td>3 galones\/10&#8243;<\/td>\n<td>1 &#8211; 2 pies<\/td>\n<\/tr>\n<tr>\n<td>7 galones\/14&#8243;<\/td>\n<td>0,6 &#8211; 0,9 m<\/td>\n<\/tr>\n<tr>\n<td>15 galones\/17&#8243;<\/td>\n<td>0,9 &#8211; 1,2 m<\/td>\n<\/tr>\n<tr>\n<td>25 galones\/21&#8243;<\/td>\n<td>120 &#8211; 150 cm<\/td>\n<\/tr>\n<\/tbody>\n<\/table>\n<\/div>\n<\/div>\n","protected":false},"featured_media":43717,"comment_status":"open","ping_status":"closed","template":"","meta":[],"product_brand":[],"product_cat":[304,311,310,375,317,315,302,306,360,309,361,313,335,323,332,303,349,307],"product_tag":[319,318],"class_list":{"0":"post-45381","1":"product","2":"type-product","3":"status-publish","4":"has-post-thumbnail","6":"product_cat-arbusto","7":"product_cat-baja","8":"product_cat-bien-drenado","9":"product_cat-borde","10":"product_cat-contenedor","11":"product_cat-esquejes","12":"product_cat-exotica","13":"product_cat-lenta","14":"product_cat-moderada-es-3","15":"product_cat-moderada","16":"product_cat-moderada-es-4","17":"product_cat-moderada-es","18":"product_cat-pleno-sol","19":"product_cat-primavera","20":"product_cat-seto","21":"product_cat-sol-parcial","22":"product_cat-sombra","23":"product_cat-verano","24":"product_tag-amarillo","25":"product_tag-blanco","26":"pa_pot-size-1-galon-6","27":"pa_pot-size-15-galones-17","28":"pa_pot-size-25-galones-21","29":"pa_pot-size-3-galones-10","30":"pa_pot-size-7-galones-14","33":"first","34":"instock","35":"taxable","36":"shipping-taxable","37":"purchasable","38":"product-type-variable"},"aioseo_notices":[],"_links":{"self":[{"href":"https:\/\/smartyplantsnursery.com\/es\/wp-json\/wp\/v2\/product\/45381","targetHints":{"allow":["GET"]}}],"collection":[{"href":"https:\/\/smartyplantsnursery.com\/es\/wp-json\/wp\/v2\/product"}],"about":[{"href":"https:\/\/smartyplantsnursery.com\/es\/wp-json\/wp\/v2\/types\/product"}],"replies":[{"embeddable":true,"href":"https:\/\/smartyplantsnursery.com\/es\/wp-json\/wp\/v2\/comments?post=45381"}],"wp:featuredmedia":[{"embeddable":true,"href":"https:\/\/smartyplantsnursery.com\/es\/wp-json\/wp\/v2\/media\/43717"}],"wp:attachment":[{"href":"https:\/\/smartyplantsnursery.com\/es\/wp-json\/wp\/v2\/media?parent=45381"}],"wp:term":[{"taxonomy":"product_brand","embeddable":true,"href":"https:\/\/smartyplantsnursery.com\/es\/wp-json\/wp\/v2\/product_brand?post=45381"},{"taxonomy":"product_cat","embeddable":true,"href":"https:\/\/smartyplantsnursery.com\/es\/wp-json\/wp\/v2\/product_cat?post=45381"},{"taxonomy":"product_tag","embeddable":true,"href":"https:\/\/smartyplantsnursery.com\/es\/wp-json\/wp\/v2\/product_tag?post=45381"}],"curies":[{"name":"wp","href":"https:\/\/api.w.org\/{rel}","templated":true}]}}

<p class=""><b class="">Usos generales en el paisaje:</b> seto y borde, plantación en contenedores, jardines tropicales</p>
<p class=""><b class="">Ecological Restoration Notes: </b>Estabilización del suelo y control de la erosión, regulación del microclima, purificación del aire</p>
<p class=""><b class="">Description: </b>El crotón Gold Dust añade un toque de color agradable con sus hojas moteadas de dorado. Es una planta de crecimiento bastante lento, por lo que no invadirá un jardín y requiere muy poco mantenimiento. Es agradable de plantar y dejar que siga su curso.  </p>
<p class=""><b class="">Dimensiones:</b> altura de 3 a 6 pies.</p>
<p class=""><b class="">Tasa de crecimiento:</b> lenta</p>
<p class=""><b class="">Native range: </b>Sudeste asiático, islas del Pacífico, norte de Australia</p>
<p class=""><b class="">Native Habitats: </b>Bosques tropicales, zonas costeras y paisajes alterados</p>
<p class=""><b class="">Soils: </b>Con buen drenaje, ricos</p>
<p class=""><b class="">Requisitos nutricionales:</b> moderados</p>
<p class=""><b class="">Tolerancia al agua salada:</b> De baja a moderada</p>
<p class=""><b class="">Tolerancia al viento salado:</b> moderada</p>
<p class=""><b class="">Tolerancia a la sequía:</b> moderada</p>
<p class=""><b class="">Requisitos de luz:</b> pleno sol a sombra</p>
<p class=""><b class="">Color de la flor:</b> Amarillo pálido a blanco</p>
<p class=""><b class="">Características de la flor:</b> pequeña, discreta</p>
<p class=""><b class="">Temporada de floración:</b> Primavera y verano</p>
<p class=""><b class="">Fruit: </b>Cápsulas pequeñas de tres lóbulos que son inicialmente verdes y maduran a marrón a medida que se secan</p>
<p class=""><b class="">Wildlife and Ecology: </b>Las flores pequeñas e discretas atraen a algunas abejas e insectos</p>
<p class=""><b class="">Notas de horticultura:</b> Se cultiva a partir de esquejes</p>
<p class=""><b class="">Comentarios:</b></p>
<p>&nbsp;</p>
<p>&nbsp;</p>

<p><img fetchpriority="high" decoding="async" class="alignnone size-medium wp-image-54744" src="https://smartyplantsnursery.com/wp-content/uploads/2023/04/Screenshot-2026-03-03-at-2.22.47-PM-300x185.webp" alt="" width="300" height="185"></p>
<div class="container">
<div class="table-container">
<table>
<thead>
<tr>
<th>Tamaño de la maceta</th>
<th>Altura media plantada (desde la tierra hasta la parte superior de la planta)</th>
</tr>
</thead>
<tbody>
<tr>
<td>1 galón/6&#8243;</td>
<td>0 &#8211; 1 ft.</td>
</tr>
<tr>
<td>3 galones/10&#8243;</td>
<td>1 &#8211; 2 pies</td>
</tr>
<tr>
<td>7 galones/14&#8243;</td>
<td>0,6 &#8211; 0,9 m</td>
</tr>
<tr>
<td>15 galones/17&#8243;</td>
<td>0,9 &#8211; 1,2 m</td>
</tr>
<tr>
<td>25 galones/21&#8243;</td>
<td>120 &#8211; 150 cm</td>
</tr>
</tbody>
</table>
</div>
</div>
