{"id":45407,"date":"2023-04-21T19:14:33","date_gmt":"2023-04-21T19:14:33","guid":{"rendered":"https:\/\/smartyplantsnursery.com\/product\/clusia-enana-arbol-autografo-clusia-rosea-nana\/"},"modified":"2026-04-13T15:43:15","modified_gmt":"2026-04-13T15:43:15","slug":"clusia-enana-arbol-autografo-clusia-rosea-nana","status":"publish","type":"product","link":"https:\/\/smartyplantsnursery.com\/es\/product\/clusia-enana-arbol-autografo-clusia-rosea-nana\/","title":{"rendered":"Clusia enana, \u00e1rbol aut\u00f3grafo &#8211; clusia rosea \u201cNana\u201d"},"content":{"rendered":"<p class=\"\"><b class=\"\">Usos generales en el paisajismo:<\/b> Seto o pantalla, contenedores, cobertura del suelo<\/p>\n<p class=\"\"><b class=\"\">Notas sobre la restauraci\u00f3n ecol\u00f3gica:<\/b> Proveedor de h\u00e1bitat, estabilizaci\u00f3n del suelo, regulaci\u00f3n del agua<\/p>\n<p class=\"\"><b class=\"\">Descripci\u00f3n:<\/b> La clusia enana es un arbusto peque\u00f1o de crecimiento lento. Es tolerante a la sal y requiere poco mantenimiento. Ofrecen una alternativa f\u00e1cil y \u00fanica para un seto bajo.  <\/p>\n<p class=\"\"><b class=\"\">Dimensiones:<\/b> Altura 2 pies.<\/p>\n<p class=\"\"><b class=\"\">Tasa de crecimiento:<\/b> lenta<\/p>\n<p class=\"\"><b class=\"\">Distribuci\u00f3n nativa:<\/b> Caribe, Am\u00e9rica Central, norte de Sudam\u00e9rica<\/p>\n<p class=\"\"><b class=\"\">H\u00e1bitats nativos:<\/b> Zonas costeras, bosques tropicales<\/p>\n<p class=\"\"><b class=\"\">Suelos:<\/b> Bien drenados, arenosos o limosos, pH 6 &#8211; 7<\/p>\n<p class=\"\"><b class=\"\">Requisitos nutricionales:<\/b> moderados<\/p>\n<p class=\"\"><b class=\"\">Tolerancia al agua salada:<\/b> moderada<\/p>\n<p class=\"\"><b class=\"\">Tolerancia al viento salado:<\/b> alta<\/p>\n<p class=\"\"><b class=\"\">Tolerancia a la sequ\u00eda:<\/b> de alta a moderada<\/p>\n<p class=\"\"><b class=\"\">Requisitos de luz:<\/b> pleno sol a sol parcial<\/p>\n<p class=\"\"><b class=\"\">Color de la flor:<\/b> Blanco o rosa<\/p>\n<p class=\"\"><b class=\"\">Caracter\u00edsticas de la flor:<\/b> peque\u00f1a<\/p>\n<p class=\"\"><b class=\"\">Temporada de floraci\u00f3n:<\/b> Primavera a verano<\/p>\n<p class=\"\"><b class=\"\">Fruto:<\/b> Peque\u00f1o, verde que se vuelve negro cuando est\u00e1 maduro<\/p>\n<p class=\"\"><b class=\"\">Fauna y ecolog\u00eda:<\/b> Especie pionera, crecimiento epifito, apoyo a la biodiversidad, estabilizaci\u00f3n del suelo<\/p>\n<p class=\"\"><b class=\"\">Notas de horticultura:<\/b> Se propaga por semilla, esquejes, acodo a\u00e9reo y divisi\u00f3n<\/p>\n<p class=\"\"><b class=\"\">Comentarios:<\/b><\/p>\n","protected":false},"excerpt":{"rendered":"<p><img fetchpriority=\"high\" decoding=\"async\" class=\"alignnone size-medium wp-image-54744\" src=\"https:\/\/smartyplantsnursery.com\/wp-content\/uploads\/2023\/04\/Screenshot-2026-03-03-at-2.22.47-PM-300x185.webp\" alt=\"\" width=\"300\" height=\"185\"><\/p>\n<div class=\"container\">\n<div class=\"table-container\">\n<table>\n<thead>\n<tr>\n<th>Tama\u00f1o de la maceta<\/th>\n<th>Altura media plantada (desde la tierra hasta la parte superior de la planta)<\/th>\n<\/tr>\n<\/thead>\n<tbody>\n<tr>\n<td>3 galones\/10&#8243;<\/td>\n<td>15 cm &#8211; 0,5 m <\/td>\n<\/tr>\n<tr>\n<td>7 galones\/14&#8243;<\/td>\n<td>0,45 &#8211; 0,6 m<\/td>\n<\/tr>\n<tr>\n<td>15 galones\/17&#8243;<\/td>\n<td>0,6 &#8211; 1,2 m<\/td>\n<\/tr>\n<tr>\n<td>25 galones\/21&#8243;<\/td>\n<td>120 &#8211; 150 cm<\/td>\n<\/tr>\n<\/tbody>\n<\/table>\n<\/div>\n<\/div>\n","protected":false},"featured_media":43811,"comment_status":"open","ping_status":"closed","template":"","meta":[],"product_brand":[],"product_cat":[343,336,362,340,304,359,310,321,317,331,315,302,369,306,309,313,360,345,378,316,335,323,330,332,303,307],"product_tag":[318,352],"class_list":{"0":"post-45407","1":"product","2":"type-product","3":"status-publish","4":"has-post-thumbnail","6":"product_cat-acido","7":"product_cat-acodo-aereo","8":"product_cat-alta-es-2","9":"product_cat-alta","10":"product_cat-arbusto","11":"product_cat-arena","12":"product_cat-bien-drenado","13":"product_cat-cobertura-del-suelo","14":"product_cat-contenedor","15":"product_cat-division-es","16":"product_cat-esquejes","17":"product_cat-exotica","18":"product_cat-franco","19":"product_cat-lenta","20":"product_cat-moderada","21":"product_cat-moderada-es","22":"product_cat-moderada-es-3","23":"product_cat-neutro","24":"product_cat-pantalla","25":"product_cat-pequena","26":"product_cat-pleno-sol","27":"product_cat-primavera","28":"product_cat-semilla","29":"product_cat-seto","30":"product_cat-sol-parcial","31":"product_cat-verano","32":"product_tag-blanco","33":"product_tag-rosa","34":"pa_pot-size-1-galon-6","35":"pa_pot-size-15-galones-17","36":"pa_pot-size-25-galones-21","37":"pa_pot-size-3-galones-10","38":"pa_pot-size-7-galones-14","41":"first","42":"instock","43":"taxable","44":"shipping-taxable","45":"purchasable","46":"product-type-variable"},"aioseo_notices":[],"_links":{"self":[{"href":"https:\/\/smartyplantsnursery.com\/es\/wp-json\/wp\/v2\/product\/45407","targetHints":{"allow":["GET"]}}],"collection":[{"href":"https:\/\/smartyplantsnursery.com\/es\/wp-json\/wp\/v2\/product"}],"about":[{"href":"https:\/\/smartyplantsnursery.com\/es\/wp-json\/wp\/v2\/types\/product"}],"replies":[{"embeddable":true,"href":"https:\/\/smartyplantsnursery.com\/es\/wp-json\/wp\/v2\/comments?post=45407"}],"wp:featuredmedia":[{"embeddable":true,"href":"https:\/\/smartyplantsnursery.com\/es\/wp-json\/wp\/v2\/media\/43811"}],"wp:attachment":[{"href":"https:\/\/smartyplantsnursery.com\/es\/wp-json\/wp\/v2\/media?parent=45407"}],"wp:term":[{"taxonomy":"product_brand","embeddable":true,"href":"https:\/\/smartyplantsnursery.com\/es\/wp-json\/wp\/v2\/product_brand?post=45407"},{"taxonomy":"product_cat","embeddable":true,"href":"https:\/\/smartyplantsnursery.com\/es\/wp-json\/wp\/v2\/product_cat?post=45407"},{"taxonomy":"product_tag","embeddable":true,"href":"https:\/\/smartyplantsnursery.com\/es\/wp-json\/wp\/v2\/product_tag?post=45407"}],"curies":[{"name":"wp","href":"https:\/\/api.w.org\/{rel}","templated":true}]}}

Clusia enana, árbol autógrafo &#8211; clusia rosea “Nana”

<p class=""><b class="">Usos generales en el paisajismo:</b> Seto o pantalla, contenedores, cobertura del suelo</p>
<p class=""><b class="">Notas sobre la restauración ecológica:</b> Proveedor de hábitat, estabilización del suelo, regulación del agua</p>
<p class=""><b class="">Descripción:</b> La clusia enana es un arbusto pequeño de crecimiento lento. Es tolerante a la sal y requiere poco mantenimiento. Ofrecen una alternativa fácil y única para un seto bajo.  </p>
<p class=""><b class="">Dimensiones:</b> Altura 2 pies.</p>
<p class=""><b class="">Tasa de crecimiento:</b> lenta</p>
<p class=""><b class="">Distribución nativa:</b> Caribe, América Central, norte de Sudamérica</p>
<p class=""><b class="">Hábitats nativos:</b> Zonas costeras, bosques tropicales</p>
<p class=""><b class="">Suelos:</b> Bien drenados, arenosos o limosos, pH 6 &#8211; 7</p>
<p class=""><b class="">Requisitos nutricionales:</b> moderados</p>
<p class=""><b class="">Tolerancia al agua salada:</b> moderada</p>
<p class=""><b class="">Tolerancia al viento salado:</b> alta</p>
<p class=""><b class="">Tolerancia a la sequía:</b> de alta a moderada</p>
<p class=""><b class="">Requisitos de luz:</b> pleno sol a sol parcial</p>
<p class=""><b class="">Color de la flor:</b> Blanco o rosa</p>
<p class=""><b class="">Características de la flor:</b> pequeña</p>
<p class=""><b class="">Temporada de floración:</b> Primavera a verano</p>
<p class=""><b class="">Fruto:</b> Pequeño, verde que se vuelve negro cuando está maduro</p>
<p class=""><b class="">Fauna y ecología:</b> Especie pionera, crecimiento epifito, apoyo a la biodiversidad, estabilización del suelo</p>
<p class=""><b class="">Notas de horticultura:</b> Se propaga por semilla, esquejes, acodo aéreo y división</p>
<p class=""><b class="">Comentarios:</b></p>

<p><img fetchpriority="high" decoding="async" class="alignnone size-medium wp-image-54744" src="https://smartyplantsnursery.com/wp-content/uploads/2023/04/Screenshot-2026-03-03-at-2.22.47-PM-300x185.webp" alt="" width="300" height="185"></p>
<div class="container">
<div class="table-container">
<table>
<thead>
<tr>
<th>Tamaño de la maceta</th>
<th>Altura media plantada (desde la tierra hasta la parte superior de la planta)</th>
</tr>
</thead>
<tbody>
<tr>
<td>3 galones/10&#8243;</td>
<td>15 cm &#8211; 0,5 m </td>
</tr>
<tr>
<td>7 galones/14&#8243;</td>
<td>0,45 &#8211; 0,6 m</td>
</tr>
<tr>
<td>15 galones/17&#8243;</td>
<td>0,6 &#8211; 1,2 m</td>
</tr>
<tr>
<td>25 galones/21&#8243;</td>
<td>120 &#8211; 150 cm</td>
</tr>
</tbody>
</table>
</div>
</div>
