{"id":45961,"date":"2024-01-07T01:33:09","date_gmt":"2024-01-07T01:33:09","guid":{"rendered":"https:\/\/smartyplantsnursery.com\/product\/palmera-de-macarthur-ptychosperma-macarthurii\/"},"modified":"2026-01-09T17:51:02","modified_gmt":"2026-01-09T17:51:02","slug":"palmera-de-macarthur-ptychosperma-macarthurii","status":"publish","type":"product","link":"https:\/\/smartyplantsnursery.com\/es\/product\/palmera-de-macarthur-ptychosperma-macarthurii\/","title":{"rendered":"Palmera de Macarthur &#8211; ptychosperma macarthurii"},"content":{"rendered":"<p class=\"\"><b class=\"\">Usos generales en el paisajismo:<\/b> Palmera tropical ornamental, seto o pantalla de privacidad, plantaci\u00f3n costera y cortavientos<\/p>\n<p class=\"\"><b class=\"\">Notas sobre restauraci\u00f3n ecol\u00f3gica:<\/b> Secuestro de carbono, estabilizaci\u00f3n del suelo y control de la erosi\u00f3n, h\u00e1bitat de vida silvestre y mejora de la biodiversidad, tolerancia moderada a la sal y la sequ\u00eda<\/p>\n<p class=\"\"><b class=\"\">Descripci\u00f3n:<\/b> Palmera tropical apreciada por sus elegantes frondas plumosas.<\/p>\n<p class=\"\"><b class=\"\">Dimensiones:<\/b> Altura 15 &#8211; 25 pies; Extensi\u00f3n 6 &#8211; 10 pies.<\/p>\n<p class=\"\"><b class=\"\">Tasa de crecimiento:<\/b> moderada<\/p>\n<p class=\"\"><b class=\"\">Distribuci\u00f3n nativa:<\/b> Australia, Nueva Guinea<\/p>\n<p class=\"\"><b class=\"\">H\u00e1bitats nativos:<\/b> Selvas tropicales, riberas de r\u00edos y tierras bajas h\u00famedas<\/p>\n<p class=\"\"><b class=\"\">Suelos:<\/b> H\u00famedos, con buen drenaje, arenosos o arcillosos, ligeramente \u00e1cidos a neutros (pH 6 &#8211; 7,5)<\/p>\n<p class=\"\"><b class=\"\">Requisitos nutricionales:<\/b> moderados<\/p>\n<p class=\"\"><b class=\"\">Tolerancia al agua salada:<\/b> moderada<\/p>\n<p class=\"\"><b class=\"\">Tolerancia al viento salado:<\/b> moderada<\/p>\n<p class=\"\"><b class=\"\">Tolerancia a la sequ\u00eda:<\/b> moderada<\/p>\n<p class=\"\"><b class=\"\">Requisitos de luz:<\/b> pleno sol<\/p>\n<p class=\"\"><b class=\"\">Color de la flor:<\/b> Blanco a color crema<\/p>\n<p class=\"\"><b class=\"\">Caracter\u00edsticas de la flor:<\/b> Racimos colgantes<\/p>\n<p class=\"\"><b class=\"\">Temporada de floraci\u00f3n:<\/b> Todo el a\u00f1o<\/p>\n<p class=\"\"><b class=\"\">Fruto:<\/b> Peque\u00f1o, rojo brillante<\/p>\n<p class=\"\"><b class=\"\">Vida silvestre y ecolog\u00eda:<\/b> Agradable para los polinizadores, h\u00e1bitat de vida silvestre<\/p>\n<p class=\"\"><b class=\"\">Notas de horticultura:<\/b> Cultivado a partir de semillas, reto\u00f1os (divisi\u00f3n de matas)<\/p>\n<p class=\"\"><b class=\"\">Comentarios:<\/b><\/p>\n<p>&nbsp;<\/p>\n","protected":false},"excerpt":{"rendered":"<p><a href=\"https:\/\/smartyplantsnursery.com\/wp-content\/uploads\/2023\/04\/Screen-Shot-2023-04-22-at-11.28.02-PM.png\"><img decoding=\"async\" class=\"alignnone size-medium wp-image-31863\" src=\"https:\/\/smartyplantsnursery.com\/wp-content\/uploads\/2023\/04\/Screen-Shot-2023-04-22-at-11.28.02-PM-300x134.png\" alt=\"Compre con confianza en el vivero Smarty Plants.\" width=\"300\" height=\"134\"><\/a><\/p>\n<div class=\"container\">\n<div class=\"table-container\">\n<table>\n<thead>\n<tr>\n<th>Tama\u00f1o de la maceta<\/th>\n<th>Altura media plantada (desde la tierra hasta la parte superior de la planta)<\/th>\n<\/tr>\n<\/thead>\n<tbody>\n<tr>\n<td>3 galones\/10&#8243;<\/td>\n<td>1 &#8211; 2 pies<\/td>\n<\/tr>\n<tr>\n<td>7 galones\/14&#8243;<\/td>\n<td>2 &#8211; 4 pies<\/td>\n<\/tr>\n<tr>\n<td>15 galones\/17&#8243;<\/td>\n<td>4 &#8211; 6 pies<\/td>\n<\/tr>\n<tr>\n<td>Maceta de 95 L\/53 cm<\/td>\n<td>1,5 &#8211; 2,1 m<\/td>\n<\/tr>\n<\/tbody>\n<\/table>\n<\/div>\n<\/div>\n","protected":false},"featured_media":44386,"comment_status":"open","ping_status":"closed","template":"","meta":[],"product_brand":[],"product_cat":[343,344,359,310,384,331,302,369,355,361,309,313,360,326,345,308,370,378,335,323,372,330,332,307],"product_tag":[318],"class_list":{"0":"post-45961","1":"product","2":"type-product","3":"status-publish","4":"has-post-thumbnail","6":"product_cat-acido","7":"product_cat-arbol","8":"product_cat-arena","9":"product_cat-bien-drenado","10":"product_cat-costero","11":"product_cat-division-es","12":"product_cat-exotica","13":"product_cat-franco","14":"product_cat-invierno","15":"product_cat-moderada-es-4","16":"product_cat-moderada","17":"product_cat-moderada-es","18":"product_cat-moderada-es-3","19":"product_cat-moderada-es-2","20":"product_cat-neutro","21":"product_cat-otono","22":"product_cat-palma","23":"product_cat-pantalla","24":"product_cat-pleno-sol","25":"product_cat-primavera","26":"product_cat-racimo","27":"product_cat-semilla","28":"product_cat-seto","29":"product_cat-verano","30":"product_tag-blanco","31":"pa_pot-size-15-galones-17","32":"pa_pot-size-25-galones-21","33":"pa_pot-size-3-galones-10","34":"pa_pot-size-7-galones-14","37":"first","38":"instock","39":"taxable","40":"shipping-taxable","41":"purchasable","42":"product-type-variable"},"aioseo_notices":[],"_links":{"self":[{"href":"https:\/\/smartyplantsnursery.com\/es\/wp-json\/wp\/v2\/product\/45961","targetHints":{"allow":["GET"]}}],"collection":[{"href":"https:\/\/smartyplantsnursery.com\/es\/wp-json\/wp\/v2\/product"}],"about":[{"href":"https:\/\/smartyplantsnursery.com\/es\/wp-json\/wp\/v2\/types\/product"}],"replies":[{"embeddable":true,"href":"https:\/\/smartyplantsnursery.com\/es\/wp-json\/wp\/v2\/comments?post=45961"}],"wp:featuredmedia":[{"embeddable":true,"href":"https:\/\/smartyplantsnursery.com\/es\/wp-json\/wp\/v2\/media\/44386"}],"wp:attachment":[{"href":"https:\/\/smartyplantsnursery.com\/es\/wp-json\/wp\/v2\/media?parent=45961"}],"wp:term":[{"taxonomy":"product_brand","embeddable":true,"href":"https:\/\/smartyplantsnursery.com\/es\/wp-json\/wp\/v2\/product_brand?post=45961"},{"taxonomy":"product_cat","embeddable":true,"href":"https:\/\/smartyplantsnursery.com\/es\/wp-json\/wp\/v2\/product_cat?post=45961"},{"taxonomy":"product_tag","embeddable":true,"href":"https:\/\/smartyplantsnursery.com\/es\/wp-json\/wp\/v2\/product_tag?post=45961"}],"curies":[{"name":"wp","href":"https:\/\/api.w.org\/{rel}","templated":true}]}}

<p class=""><b class="">Usos generales en el paisajismo:</b> Palmera tropical ornamental, seto o pantalla de privacidad, plantación costera y cortavientos</p>
<p class=""><b class="">Notas sobre restauración ecológica:</b> Secuestro de carbono, estabilización del suelo y control de la erosión, hábitat de vida silvestre y mejora de la biodiversidad, tolerancia moderada a la sal y la sequía</p>
<p class=""><b class="">Descripción:</b> Palmera tropical apreciada por sus elegantes frondas plumosas.</p>
<p class=""><b class="">Dimensiones:</b> Altura 15 &#8211; 25 pies; Extensión 6 &#8211; 10 pies.</p>
<p class=""><b class="">Tasa de crecimiento:</b> moderada</p>
<p class=""><b class="">Distribución nativa:</b> Australia, Nueva Guinea</p>
<p class=""><b class="">Hábitats nativos:</b> Selvas tropicales, riberas de ríos y tierras bajas húmedas</p>
<p class=""><b class="">Suelos:</b> Húmedos, con buen drenaje, arenosos o arcillosos, ligeramente ácidos a neutros (pH 6 &#8211; 7,5)</p>
<p class=""><b class="">Requisitos nutricionales:</b> moderados</p>
<p class=""><b class="">Tolerancia al agua salada:</b> moderada</p>
<p class=""><b class="">Tolerancia al viento salado:</b> moderada</p>
<p class=""><b class="">Tolerancia a la sequía:</b> moderada</p>
<p class=""><b class="">Requisitos de luz:</b> pleno sol</p>
<p class=""><b class="">Color de la flor:</b> Blanco a color crema</p>
<p class=""><b class="">Características de la flor:</b> Racimos colgantes</p>
<p class=""><b class="">Temporada de floración:</b> Todo el año</p>
<p class=""><b class="">Fruto:</b> Pequeño, rojo brillante</p>
<p class=""><b class="">Vida silvestre y ecología:</b> Agradable para los polinizadores, hábitat de vida silvestre</p>
<p class=""><b class="">Notas de horticultura:</b> Cultivado a partir de semillas, retoños (división de matas)</p>
<p class=""><b class="">Comentarios:</b></p>
<p>&nbsp;</p>

<p><a href="https://smartyplantsnursery.com/wp-content/uploads/2023/04/Screen-Shot-2023-04-22-at-11.28.02-PM.png"><img decoding="async" class="alignnone size-medium wp-image-31863" src="https://smartyplantsnursery.com/wp-content/uploads/2023/04/Screen-Shot-2023-04-22-at-11.28.02-PM-300x134.png" alt="Compre con confianza en el vivero Smarty Plants." width="300" height="134"></a></p>
<div class="container">
<div class="table-container">
<table>
<thead>
<tr>
<th>Tamaño de la maceta</th>
<th>Altura media plantada (desde la tierra hasta la parte superior de la planta)</th>
</tr>
</thead>
<tbody>
<tr>
<td>3 galones/10&#8243;</td>
<td>1 &#8211; 2 pies</td>
</tr>
<tr>
<td>7 galones/14&#8243;</td>
<td>2 &#8211; 4 pies</td>
</tr>
<tr>
<td>15 galones/17&#8243;</td>
<td>4 &#8211; 6 pies</td>
</tr>
<tr>
<td>Maceta de 95 L/53 cm</td>
<td>1,5 &#8211; 2,1 m</td>
</tr>
</tbody>
</table>
</div>
</div>
