{"id":46130,"date":"2023-10-28T22:26:26","date_gmt":"2023-10-28T22:26:26","guid":{"rendered":"https:\/\/smartyplantsnursery.com\/product\/casia-del-desierto-senna-polyphylla\/"},"modified":"2026-04-07T13:09:58","modified_gmt":"2026-04-07T13:09:58","slug":"casia-del-desierto-senna-polyphylla","status":"publish","type":"product","link":"https:\/\/smartyplantsnursery.com\/es\/product\/casia-del-desierto-senna-polyphylla\/","title":{"rendered":"Casia del desierto &#8211; senna polyphylla"},"content":{"rendered":"<p class=\"\"><b class=\"\">Usos generales en el paisaje:<\/b> \u00c1rbol ornamental, seto o pantalla de privacidad, jardines de polinizadores y mariposas, jardiner\u00eda costera y tolerante a la sequ\u00eda, control de la erosi\u00f3n y restauraci\u00f3n<\/p>\n<p class=\"\"><b class=\"\">Notas sobre la restauraci\u00f3n ecol\u00f3gica:<\/b> Mejora del suelo, control de la erosi\u00f3n y rehabilitaci\u00f3n de la tierra, apoyo a polinizadores y vida silvestre<\/p>\n<p class=\"\"><b class=\"\">Descripci\u00f3n:<\/b> Un \u00e1rbol peque\u00f1o, tolerante a la sequ\u00eda y con flores.<\/p>\n<p class=\"\"><b class=\"\">Dimensiones:<\/b> Altura 6 &#8211; 10 pies.<\/p>\n<p class=\"\"><b class=\"\">Tasa de crecimiento:<\/b> r\u00e1pida<\/p>\n<p class=\"\"><b class=\"\">Distribuci\u00f3n nativa:<\/b> caribe<\/p>\n<p class=\"\"><b class=\"\">H\u00e1bitats nativos:<\/b> Matorrales costeros secos, laderas rocosas y \u00e1reas perturbadas<\/p>\n<p class=\"\"><b class=\"\">Suelos:<\/b> Arenosos, con buen drenaje<\/p>\n<p class=\"\"><b class=\"\">Requisitos nutricionales:<\/b> moderados<\/p>\n<p class=\"\"><b class=\"\">Tolerancia al agua salada:<\/b> moderada<\/p>\n<p class=\"\"><b class=\"\">Tolerancia al viento salado:<\/b> moderada<\/p>\n<p class=\"\"><b class=\"\">Tolerancia a la sequ\u00eda:<\/b> moderada<\/p>\n<p class=\"\"><b class=\"\">Requisitos de luz:<\/b> pleno sol<\/p>\n<p class=\"\"><b class=\"\">Color de la flor:<\/b> amarillo<\/p>\n<p class=\"\"><b class=\"\">Caracter\u00edsticas de la flor:<\/b> Racimos de flores de cinco p\u00e9talos<\/p>\n<p class=\"\"><b class=\"\">Temporada de floraci\u00f3n:<\/b> Todo el a\u00f1o<\/p>\n<p class=\"\"><b class=\"\">Fruto:<\/b> Vainas largas y delgadas<\/p>\n<p class=\"\"><b class=\"\">Vida silvestre y ecolog\u00eda:<\/b> Apoyo a los polinizadores, enriquecimiento del suelo y restauraci\u00f3n del h\u00e1bitat<\/p>\n<p class=\"\"><b class=\"\">Notas de horticultura:<\/b> cultivado a partir de semillas o esquejes<\/p>\n<p class=\"\"><b class=\"\">Comentarios:<\/b><\/p>\n<p>&nbsp;<\/p>\n","protected":false},"excerpt":{"rendered":"<p><img fetchpriority=\"high\" decoding=\"async\" class=\"alignnone size-medium wp-image-54744\" src=\"https:\/\/smartyplantsnursery.com\/wp-content\/uploads\/2023\/04\/Screenshot-2026-03-03-at-2.22.47-PM-300x185.webp\" alt=\"\" width=\"300\" height=\"185\"><\/p>\n<div class=\"container\">\n<div class=\"table-container\">\n<table>\n<thead>\n<tr>\n<th>Tama\u00f1o de la maceta<\/th>\n<th>Altura media plantada (desde la tierra hasta la parte superior de la planta)<\/th>\n<\/tr>\n<\/thead>\n<tbody>\n<tr>\n<td>7 galones\/14&#8243;<\/td>\n<td>2 &#8211; 4 pies<\/td>\n<\/tr>\n<tr>\n<td>15 galones\/17&#8243;<\/td>\n<td>4 &#8211; 6 pies<\/td>\n<\/tr>\n<tr>\n<td>25 galones\/21&#8243;<\/td>\n<td>6 &#8211; 8 pies<\/td>\n<\/tr>\n<\/tbody>\n<\/table>\n<\/div>\n<\/div>\n","protected":false},"featured_media":52791,"comment_status":"open","ping_status":"closed","template":"","meta":[],"product_brand":[],"product_cat":[344,359,310,384,315,302,355,309,313,360,361,308,378,314,358,335,323,372,322,330,332,307,342],"product_tag":[319],"class_list":{"0":"post-46130","1":"product","2":"type-product","3":"status-publish","4":"has-post-thumbnail","6":"product_cat-arbol","7":"product_cat-arena","8":"product_cat-bien-drenado","9":"product_cat-costero","10":"product_cat-esquejes","11":"product_cat-exotica","12":"product_cat-invierno","13":"product_cat-moderada","14":"product_cat-moderada-es","15":"product_cat-moderada-es-3","16":"product_cat-moderada-es-4","17":"product_cat-otono","18":"product_cat-pantalla","19":"product_cat-planta-de-especimen","20":"product_cat-plantas-para-mariposas-plantas-para-polinizadores","21":"product_cat-pleno-sol","22":"product_cat-primavera","23":"product_cat-racimo","24":"product_cat-rapido","25":"product_cat-semilla","26":"product_cat-seto","27":"product_cat-verano","28":"product_cat-xerojardin","29":"product_tag-amarillo","30":"pa_pot-size-15-galones-17","31":"pa_pot-size-25-galones-21","32":"pa_pot-size-7-galones-14","35":"first","36":"instock","37":"taxable","38":"shipping-taxable","39":"purchasable","40":"product-type-variable"},"aioseo_notices":[],"_links":{"self":[{"href":"https:\/\/smartyplantsnursery.com\/es\/wp-json\/wp\/v2\/product\/46130","targetHints":{"allow":["GET"]}}],"collection":[{"href":"https:\/\/smartyplantsnursery.com\/es\/wp-json\/wp\/v2\/product"}],"about":[{"href":"https:\/\/smartyplantsnursery.com\/es\/wp-json\/wp\/v2\/types\/product"}],"replies":[{"embeddable":true,"href":"https:\/\/smartyplantsnursery.com\/es\/wp-json\/wp\/v2\/comments?post=46130"}],"wp:featuredmedia":[{"embeddable":true,"href":"https:\/\/smartyplantsnursery.com\/es\/wp-json\/wp\/v2\/media\/52791"}],"wp:attachment":[{"href":"https:\/\/smartyplantsnursery.com\/es\/wp-json\/wp\/v2\/media?parent=46130"}],"wp:term":[{"taxonomy":"product_brand","embeddable":true,"href":"https:\/\/smartyplantsnursery.com\/es\/wp-json\/wp\/v2\/product_brand?post=46130"},{"taxonomy":"product_cat","embeddable":true,"href":"https:\/\/smartyplantsnursery.com\/es\/wp-json\/wp\/v2\/product_cat?post=46130"},{"taxonomy":"product_tag","embeddable":true,"href":"https:\/\/smartyplantsnursery.com\/es\/wp-json\/wp\/v2\/product_tag?post=46130"}],"curies":[{"name":"wp","href":"https:\/\/api.w.org\/{rel}","templated":true}]}}

<p class=""><b class="">Usos generales en el paisaje:</b> Árbol ornamental, seto o pantalla de privacidad, jardines de polinizadores y mariposas, jardinería costera y tolerante a la sequía, control de la erosión y restauración</p>
<p class=""><b class="">Notas sobre la restauración ecológica:</b> Mejora del suelo, control de la erosión y rehabilitación de la tierra, apoyo a polinizadores y vida silvestre</p>
<p class=""><b class="">Descripción:</b> Un árbol pequeño, tolerante a la sequía y con flores.</p>
<p class=""><b class="">Dimensiones:</b> Altura 6 &#8211; 10 pies.</p>
<p class=""><b class="">Tasa de crecimiento:</b> rápida</p>
<p class=""><b class="">Distribución nativa:</b> caribe</p>
<p class=""><b class="">Hábitats nativos:</b> Matorrales costeros secos, laderas rocosas y áreas perturbadas</p>
<p class=""><b class="">Suelos:</b> Arenosos, con buen drenaje</p>
<p class=""><b class="">Requisitos nutricionales:</b> moderados</p>
<p class=""><b class="">Tolerancia al agua salada:</b> moderada</p>
<p class=""><b class="">Tolerancia al viento salado:</b> moderada</p>
<p class=""><b class="">Tolerancia a la sequía:</b> moderada</p>
<p class=""><b class="">Requisitos de luz:</b> pleno sol</p>
<p class=""><b class="">Color de la flor:</b> amarillo</p>
<p class=""><b class="">Características de la flor:</b> Racimos de flores de cinco pétalos</p>
<p class=""><b class="">Temporada de floración:</b> Todo el año</p>
<p class=""><b class="">Fruto:</b> Vainas largas y delgadas</p>
<p class=""><b class="">Vida silvestre y ecología:</b> Apoyo a los polinizadores, enriquecimiento del suelo y restauración del hábitat</p>
<p class=""><b class="">Notas de horticultura:</b> cultivado a partir de semillas o esquejes</p>
<p class=""><b class="">Comentarios:</b></p>
<p>&nbsp;</p>

<p><img fetchpriority="high" decoding="async" class="alignnone size-medium wp-image-54744" src="https://smartyplantsnursery.com/wp-content/uploads/2023/04/Screenshot-2026-03-03-at-2.22.47-PM-300x185.webp" alt="" width="300" height="185"></p>
<div class="container">
<div class="table-container">
<table>
<thead>
<tr>
<th>Tamaño de la maceta</th>
<th>Altura media plantada (desde la tierra hasta la parte superior de la planta)</th>
</tr>
</thead>
<tbody>
<tr>
<td>7 galones/14&#8243;</td>
<td>2 &#8211; 4 pies</td>
</tr>
<tr>
<td>15 galones/17&#8243;</td>
<td>4 &#8211; 6 pies</td>
</tr>
<tr>
<td>25 galones/21&#8243;</td>
<td>6 &#8211; 8 pies</td>
</tr>
</tbody>
</table>
</div>
</div>
