{"id":46384,"date":"2023-05-03T23:03:51","date_gmt":"2023-05-03T23:03:51","guid":{"rendered":"https:\/\/smartyplantsnursery.com\/product\/verbena-de-almendras-dulces-incienso-arbusto-de-almendras-dulces-aloysia-virgata\/"},"modified":"2026-03-07T14:04:16","modified_gmt":"2026-03-07T14:04:16","slug":"verbena-de-almendras-dulces-incienso-arbusto-de-almendras-dulces-aloysia-virgata","status":"publish","type":"product","link":"https:\/\/smartyplantsnursery.com\/es\/product\/verbena-de-almendras-dulces-incienso-arbusto-de-almendras-dulces-aloysia-virgata\/","title":{"rendered":"Verbena de almendras dulces, incienso, arbusto de almendras dulces &#8211; aloysia virgata"},"content":{"rendered":"<p class=\"\"><b class=\"\">Usos generales en el paisaje: <\/b>Huerto de hierbas, planta ornamental, jard\u00edn de polinizadores, plantaci\u00f3n en contenedores<\/p>\n<p class=\"\"><b class=\"\">Notas sobre la restauraci\u00f3n ecol\u00f3gica:<\/b> Apoyo a los polinizadores<\/p>\n<p class=\"\"><b class=\"\">Descripci\u00f3n: <\/b>El almendro dulce puede ser un arbusto o un \u00e1rbol. Sus flores tienen una fragancia encantadora y atraen a las mariposas con su n\u00e9ctar. Una mariposa que se siente especialmente atra\u00edda por sus flores es la rara mariposa Atala. Tambi\u00e9n es relativamente tolerante a la sequ\u00eda, lo que la convierte en una buena opci\u00f3n para la xerojardiner\u00eda.   <\/p>\n<p class=\"\"><b class=\"\">Dimensiones: <\/b>Altura: 3 m; Extensi\u00f3n: 1 &#8211; 1,5 m<\/p>\n<p class=\"\"><b class=\"\">Tasa de crecimiento:<\/b> De moderada a r\u00e1pida<\/p>\n<p class=\"\"><b class=\"\">Distribuci\u00f3n nativa:<\/b> Sudam\u00e9rica<\/p>\n<p class=\"\"><b class=\"\">H\u00e1bitats nativos: <\/b>Bosques, bordes de bosques y sitios perturbados<\/p>\n<p class=\"\"><b class=\"\">Suelos: <\/b>Bien drenados, arcillosos o arenosos, pH ligeramente \u00e1cido a neutro (6 &#8211; 7)<\/p>\n<p class=\"\"><b class=\"\">Requisitos nutricionales:<\/b> moderados<\/p>\n<p class=\"\"><b class=\"\">Tolerancia al agua salada:<\/b> baja<\/p>\n<p class=\"\"><b class=\"\">Tolerancia al viento salado:<\/b> baja<\/p>\n<p class=\"\"><b class=\"\">Tolerancia a la sequ\u00eda:<\/b> moderada<\/p>\n<p class=\"\"><b class=\"\">Requisitos de luz:<\/b> pleno sol<\/p>\n<p class=\"\"><b class=\"\">Color de la flor: <\/b>Blanco a p\u00farpura p\u00e1lido<\/p>\n<p class=\"\"><b class=\"\">Caracter\u00edsticas de la flor:<\/b> fragante<\/p>\n<p class=\"\"><b class=\"\">Temporada de floraci\u00f3n:<\/b> Verano<\/p>\n<p class=\"\"><b class=\"\">Fruto: <\/b>Semillas peque\u00f1as<\/p>\n<p class=\"\"><b class=\"\">Vida silvestre y ecolog\u00eda: <\/b>Atracci\u00f3n de polinizadores, apoyo a la vida silvestre<\/p>\n<p class=\"\"><b class=\"\">Notas de horticultura:<\/b> Cultivado a partir de esquejes, semillas<\/p>\n<p class=\"\"><b class=\"\">Comentarios:<\/b><\/p>\n","protected":false},"excerpt":{"rendered":"<p><img decoding=\"async\" class=\"alignnone size-medium wp-image-31863\" src=\"https:\/\/smartyplantsnursery.com\/wp-content\/uploads\/2023\/04\/Screen-Shot-2023-04-22-at-11.28.02-PM-300x134.png\" alt=\"\" width=\"300\" height=\"134\"><\/p>\n<div class=\"container\">\n<div class=\"table-container\">\n<table>\n<thead>\n<tr>\n<th>Tama\u00f1o de la maceta<\/th>\n<th>Altura media plantada (desde la tierra hasta la parte superior de la planta)<\/th>\n<\/tr>\n<\/thead>\n<tbody>\n<tr>\n<td>3 galones\/10&#8243;<\/td>\n<td>1 &#8211; 2 pies<\/td>\n<\/tr>\n<tr>\n<td>7 galones\/14&#8243;<\/td>\n<td>0,6 &#8211; 0,9 m<\/td>\n<\/tr>\n<\/tbody>\n<\/table>\n<\/div>\n<\/div>\n","protected":false},"featured_media":50801,"comment_status":"open","ping_status":"closed","template":"","meta":[],"product_brand":[],"product_cat":[343,344,304,359,311,312,310,317,315,302,374,369,313,309,326,345,358,335,322,330,307],"product_tag":[318,338],"class_list":{"0":"post-46384","1":"product","2":"type-product","3":"status-publish","4":"has-post-thumbnail","6":"product_cat-acido","7":"product_cat-arbol","8":"product_cat-arbusto","9":"product_cat-arena","10":"product_cat-baja","11":"product_cat-baja-es","12":"product_cat-bien-drenado","13":"product_cat-contenedor","14":"product_cat-esquejes","15":"product_cat-exotica","16":"product_cat-fragante-2","17":"product_cat-franco","18":"product_cat-moderada-es","19":"product_cat-moderada","20":"product_cat-moderada-es-2","21":"product_cat-neutro","22":"product_cat-plantas-para-mariposas-plantas-para-polinizadores","23":"product_cat-pleno-sol","24":"product_cat-rapido","25":"product_cat-semilla","26":"product_cat-verano","27":"product_tag-blanco","28":"product_tag-morado","29":"pa_pot-size-3-galones-10","30":"pa_pot-size-7-galones-14","33":"first","34":"instock","35":"taxable","36":"shipping-taxable","37":"purchasable","38":"product-type-variable"},"aioseo_notices":[],"_links":{"self":[{"href":"https:\/\/smartyplantsnursery.com\/es\/wp-json\/wp\/v2\/product\/46384","targetHints":{"allow":["GET"]}}],"collection":[{"href":"https:\/\/smartyplantsnursery.com\/es\/wp-json\/wp\/v2\/product"}],"about":[{"href":"https:\/\/smartyplantsnursery.com\/es\/wp-json\/wp\/v2\/types\/product"}],"replies":[{"embeddable":true,"href":"https:\/\/smartyplantsnursery.com\/es\/wp-json\/wp\/v2\/comments?post=46384"}],"wp:featuredmedia":[{"embeddable":true,"href":"https:\/\/smartyplantsnursery.com\/es\/wp-json\/wp\/v2\/media\/50801"}],"wp:attachment":[{"href":"https:\/\/smartyplantsnursery.com\/es\/wp-json\/wp\/v2\/media?parent=46384"}],"wp:term":[{"taxonomy":"product_brand","embeddable":true,"href":"https:\/\/smartyplantsnursery.com\/es\/wp-json\/wp\/v2\/product_brand?post=46384"},{"taxonomy":"product_cat","embeddable":true,"href":"https:\/\/smartyplantsnursery.com\/es\/wp-json\/wp\/v2\/product_cat?post=46384"},{"taxonomy":"product_tag","embeddable":true,"href":"https:\/\/smartyplantsnursery.com\/es\/wp-json\/wp\/v2\/product_tag?post=46384"}],"curies":[{"name":"wp","href":"https:\/\/api.w.org\/{rel}","templated":true}]}}

<p class=""><b class="">Usos generales en el paisaje: </b>Huerto de hierbas, planta ornamental, jardín de polinizadores, plantación en contenedores</p>
<p class=""><b class="">Notas sobre la restauración ecológica:</b> Apoyo a los polinizadores</p>
<p class=""><b class="">Descripción: </b>El almendro dulce puede ser un arbusto o un árbol. Sus flores tienen una fragancia encantadora y atraen a las mariposas con su néctar. Una mariposa que se siente especialmente atraída por sus flores es la rara mariposa Atala. También es relativamente tolerante a la sequía, lo que la convierte en una buena opción para la xerojardinería.   </p>
<p class=""><b class="">Dimensiones: </b>Altura: 3 m; Extensión: 1 &#8211; 1,5 m</p>
<p class=""><b class="">Tasa de crecimiento:</b> De moderada a rápida</p>
<p class=""><b class="">Distribución nativa:</b> Sudamérica</p>
<p class=""><b class="">Hábitats nativos: </b>Bosques, bordes de bosques y sitios perturbados</p>
<p class=""><b class="">Suelos: </b>Bien drenados, arcillosos o arenosos, pH ligeramente ácido a neutro (6 &#8211; 7)</p>
<p class=""><b class="">Requisitos nutricionales:</b> moderados</p>
<p class=""><b class="">Tolerancia al agua salada:</b> baja</p>
<p class=""><b class="">Tolerancia al viento salado:</b> baja</p>
<p class=""><b class="">Tolerancia a la sequía:</b> moderada</p>
<p class=""><b class="">Requisitos de luz:</b> pleno sol</p>
<p class=""><b class="">Color de la flor: </b>Blanco a púrpura pálido</p>
<p class=""><b class="">Características de la flor:</b> fragante</p>
<p class=""><b class="">Temporada de floración:</b> Verano</p>
<p class=""><b class="">Fruto: </b>Semillas pequeñas</p>
<p class=""><b class="">Vida silvestre y ecología: </b>Atracción de polinizadores, apoyo a la vida silvestre</p>
<p class=""><b class="">Notas de horticultura:</b> Cultivado a partir de esquejes, semillas</p>
<p class=""><b class="">Comentarios:</b></p>

<p><img decoding="async" class="alignnone size-medium wp-image-31863" src="https://smartyplantsnursery.com/wp-content/uploads/2023/04/Screen-Shot-2023-04-22-at-11.28.02-PM-300x134.png" alt="" width="300" height="134"></p>
<div class="container">
<div class="table-container">
<table>
<thead>
<tr>
<th>Tamaño de la maceta</th>
<th>Altura media plantada (desde la tierra hasta la parte superior de la planta)</th>
</tr>
</thead>
<tbody>
<tr>
<td>3 galones/10&#8243;</td>
<td>1 &#8211; 2 pies</td>
</tr>
<tr>
<td>7 galones/14&#8243;</td>
<td>0,6 &#8211; 0,9 m</td>
</tr>
</tbody>
</table>
</div>
</div>
